{"id":2,"date":"2023-01-25T12:32:10","date_gmt":"2023-01-25T12:32:10","guid":{"rendered":"https:\/\/ud2.terrum.social\/?page_id=2"},"modified":"2024-01-08T09:49:46","modified_gmt":"2024-01-08T09:49:46","slug":"sample-page","status":"publish","type":"page","link":"https:\/\/ud2.terrum.social\/","title":{"rendered":"Bienvenida\/o"},"content":{"rendered":"\n<p>Esta es la p\u00e1gina principal de la <strong>Universidade da Diversidade<\/strong>, un proyecto formativo de la <a rel=\"noreferrer noopener\" href=\"https:\/\/terrum.social\/fundacion-terrum\" target=\"_blank\">Fundaci\u00f3n TERRUM<\/a> que se centra en la inclusi\u00f3n social y proporciona herramientas para el desarrollo y resilencia de la sociedad civil.<\/p>\n\n\n\n<blockquote class=\"wp-block-quote is-layout-flow wp-block-quote-is-layout-flow\">\n<p>Ataraxia invenitur in animo tranquillo, et tranquillitas invenitur in <strong>horto sapientiae<\/strong>.<\/p>\n<cite>Epicuro de Samos<\/cite><\/blockquote>\n\n\n\n<p>puedes visualizar <strong>nuestros cursos<\/strong> <a href=\"https:\/\/www.youtube.com\/playlist?list=PL_zLD31wjJFwAd6GsVZyWHFRJLUsmCxCi\">en el canal de YOUTUBE de la UD2<\/a> o acceder a los que tenemos disponibles en <a href=\"https:\/\/ud2.terrum.social\/cursos\/\">la plataforma MOODLE<\/a>. Tambi\u00e9n pod\u00e9is acceder a recursos interesantes en <a href=\"https:\/\/marcadores.noitebra.org\/?searchtags=UD2\" data-type=\"link\" data-id=\"https:\/\/marcadores.noitebra.org\/?searchtags=UD2\">los marcadores del Proyecto Noitebra<\/a>, una iniciativa de la Delegaci\u00f3n de la Fundaci\u00f3n Terrum en Lugo.<\/p>\n","protected":false},"excerpt":{"rendered":"<p>Esta es la p\u00e1gina principal de la Universidade da Diversidade, un proyecto formativo de la Fundaci\u00f3n TERRUM que se centra en la inclusi\u00f3n social y proporciona herramientas para el desarrollo y resilencia de la sociedad civil. Ataraxia invenitur in animo tranquillo, et tranquillitas invenitur in horto sapientiae. Epicuro de Samos puedes visualizar nuestros cursos en &hellip; <\/p>\n<p class=\"link-more\"><a href=\"https:\/\/ud2.terrum.social\/\" class=\"more-link\">Leer m\u00e1s<span class=\"screen-reader-text\"> \u00abBienvenida\/o\u00bb<\/span><\/a><\/p>\n","protected":false},"author":1,"featured_media":0,"parent":0,"menu_order":0,"comment_status":"closed","ping_status":"open","template":"","meta":{"footnotes":""},"class_list":["post-2","page","type-page","status-publish","hentry"],"featured_media_urls":[],"_links":{"self":[{"href":"https:\/\/ud2.terrum.social\/index.php\/wp-json\/wp\/v2\/pages\/2","targetHints":{"allow":["GET"]}}],"collection":[{"href":"https:\/\/ud2.terrum.social\/index.php\/wp-json\/wp\/v2\/pages"}],"about":[{"href":"https:\/\/ud2.terrum.social\/index.php\/wp-json\/wp\/v2\/types\/page"}],"author":[{"embeddable":true,"href":"https:\/\/ud2.terrum.social\/index.php\/wp-json\/wp\/v2\/users\/1"}],"replies":[{"embeddable":true,"href":"https:\/\/ud2.terrum.social\/index.php\/wp-json\/wp\/v2\/comments?post=2"}],"version-history":[{"count":12,"href":"https:\/\/ud2.terrum.social\/index.php\/wp-json\/wp\/v2\/pages\/2\/revisions"}],"predecessor-version":[{"id":56,"href":"https:\/\/ud2.terrum.social\/index.php\/wp-json\/wp\/v2\/pages\/2\/revisions\/56"}],"wp:attachment":[{"href":"https:\/\/ud2.terrum.social\/index.php\/wp-json\/wp\/v2\/media?parent=2"}],"curies":[{"name":"wp","href":"https:\/\/api.w.org\/{rel}","templated":true}]}}